{"id":1138,"date":"2009-07-15T11:56:36","date_gmt":"2009-07-15T19:56:36","guid":{"rendered":"http:\/\/lilesnet.com\/dailydiary\/?page_id=1138"},"modified":"2024-12-11T07:07:10","modified_gmt":"2024-12-11T14:07:10","slug":"normal-activities","status":"publish","type":"page","link":"http:\/\/lilesnet.com\/dailydiary\/?page_id=1138","title":{"rendered":"About This Blog"},"content":{"rendered":"<p>I retired and thought it might be fun to keep a running blog about our activities so we could look back and share with some friends. I try to write the blog every morning to recount the previous day&#8217;s activities.<\/p>\n<p>Life certainly changes as we move forward.\u00a0 Sue and I were together for over three decades, and I lost her in February 2020 after a long illness.<\/p>\n<div id=\"attachment_1176\" style=\"width: 460px\" class=\"wp-caption aligncenter\"><img decoding=\"async\" aria-describedby=\"caption-attachment-1176\" class=\"size-full wp-image-1176\" title=\"sue_paul_together_001_small\" src=\"http:\/\/lilesnet.com\/dailydiary\/wp-content\/dailydiary\/uploads\/2009\/07\/sue_paul_together_001_small.jpg\" alt=\"Us at Disneyland's fifthieth irthday\" width=\"450\" srcset=\"http:\/\/lilesnet.com\/dailydiary\/wp-content\/dailydiary\/uploads\/2009\/07\/sue_paul_together_001_small.jpg 750w, http:\/\/lilesnet.com\/dailydiary\/wp-content\/dailydiary\/uploads\/2009\/07\/sue_paul_together_001_small-150x112.jpg 150w, http:\/\/lilesnet.com\/dailydiary\/wp-content\/dailydiary\/uploads\/2009\/07\/sue_paul_together_001_small-300x224.jpg 300w, http:\/\/lilesnet.com\/dailydiary\/wp-content\/dailydiary\/uploads\/2009\/07\/sue_paul_together_001_small-450x337.jpg 450w\" sizes=\"(max-width: 750px) 100vw, 750px\" \/><p id=\"caption-attachment-1176\" class=\"wp-caption-text\">Us at Disneyland on their fiftieth birthday<\/p><\/div>\n<p>My life has been blessed. I was remarried to a beautiful lady, Dr. Mary C\u00f4t\u00e9, whom I had known since the late 1990s. Dr. Mary C\u00f4t\u00e9 and I married in July 2021, and throughout this time, I kept the blog going. She proofreads it and giggles every morning at my poor attempt at truth and humor.<\/p>\n<div id=\"attachment_62390\" style=\"width: 531px\" class=\"wp-caption aligncenter\"><img loading=\"lazy\" decoding=\"async\" aria-describedby=\"caption-attachment-62390\" class=\"wp-image-62390\" src=\"http:\/\/lilesnet.com\/dailydiary\/wp-content\/dailydiary\/uploads\/2022\/05\/2022-05-21-004-650x873.jpg\" alt=\"\" width=\"521\" height=\"700\" srcset=\"http:\/\/lilesnet.com\/dailydiary\/wp-content\/dailydiary\/uploads\/2022\/05\/2022-05-21-004-650x873.jpg 650w, http:\/\/lilesnet.com\/dailydiary\/wp-content\/dailydiary\/uploads\/2022\/05\/2022-05-21-004-112x150.jpg 112w, http:\/\/lilesnet.com\/dailydiary\/wp-content\/dailydiary\/uploads\/2022\/05\/2022-05-21-004-768x1032.jpg 768w, http:\/\/lilesnet.com\/dailydiary\/wp-content\/dailydiary\/uploads\/2022\/05\/2022-05-21-004.jpg 900w\" sizes=\"auto, (max-width: 521px) 100vw, 521px\" \/><p id=\"caption-attachment-62390\" class=\"wp-caption-text\">Starlighter&#8217;s Tux &amp; Tiara&#8217;s Dance<\/p><\/div>\n<p>My plan is to keep it going because it reminds me of where I have been, and I frequently use it to find events in the past.\u00a0 Join in the fun\u00a0 and feel free to comments as we go along our mary path!<\/p>\n","protected":false},"excerpt":{"rendered":"<p>I retired and thought it might be fun to keep a running blog about our activities so we could look back and share with some friends. I try to write the blog every morning to recount the previous day&#8217;s activities. &hellip; <a href=\"http:\/\/lilesnet.com\/dailydiary\/?page_id=1138\">Continue reading <span class=\"meta-nav\">&rarr;<\/span><\/a><\/p>\n","protected":false},"author":1,"featured_media":0,"parent":0,"menu_order":0,"comment_status":"closed","ping_status":"closed","template":"","meta":{"footnotes":""},"class_list":["post-1138","page","type-page","status-publish","hentry"],"_links":{"self":[{"href":"http:\/\/lilesnet.com\/dailydiary\/index.php?rest_route=\/wp\/v2\/pages\/1138","targetHints":{"allow":["GET"]}}],"collection":[{"href":"http:\/\/lilesnet.com\/dailydiary\/index.php?rest_route=\/wp\/v2\/pages"}],"about":[{"href":"http:\/\/lilesnet.com\/dailydiary\/index.php?rest_route=\/wp\/v2\/types\/page"}],"author":[{"embeddable":true,"href":"http:\/\/lilesnet.com\/dailydiary\/index.php?rest_route=\/wp\/v2\/users\/1"}],"replies":[{"embeddable":true,"href":"http:\/\/lilesnet.com\/dailydiary\/index.php?rest_route=%2Fwp%2Fv2%2Fcomments&post=1138"}],"version-history":[{"count":9,"href":"http:\/\/lilesnet.com\/dailydiary\/index.php?rest_route=\/wp\/v2\/pages\/1138\/revisions"}],"predecessor-version":[{"id":85005,"href":"http:\/\/lilesnet.com\/dailydiary\/index.php?rest_route=\/wp\/v2\/pages\/1138\/revisions\/85005"}],"wp:attachment":[{"href":"http:\/\/lilesnet.com\/dailydiary\/index.php?rest_route=%2Fwp%2Fv2%2Fmedia&parent=1138"}],"curies":[{"name":"wp","href":"https:\/\/api.w.org\/{rel}","templated":true}]}}